{"id":176,"date":"2013-11-10T11:26:40","date_gmt":"2013-11-10T10:26:40","guid":{"rendered":"http:\/\/uisce-beatha.de\/www1\/?page_id=176"},"modified":"2014-10-29T14:24:56","modified_gmt":"2014-10-29T13:24:56","slug":"whiskycup-2013-gewinner","status":"publish","type":"page","link":"https:\/\/uisce-beatha.de\/www1\/aktivitaten\/veranstaltungen\/whiskycup-2013-gewinner\/","title":{"rendered":"Whisky Cup 2013"},"content":{"rendered":"<h3 id=\"postTopic534290\"><span style=\"color: #004d25;\">Wie euch allen ja bekannt ist, haben wir dieses Jahr zum dritten Mal am Whisky Cup teilgenommen.<\/span><\/h3>\n<p><span style=\"color: #004d25;\">Der Whisky Cup ist die in der deutschsprachigen Whiskyszene wohl begehrteste und am h\u00e4rtesten umk\u00e4mpfte Auszeichnung.<\/span><\/p>\n<p><span style=\"color: #004d25;\">Hier die Bekanntgabe des Ausrichters im Original:<\/span><\/p>\n<div>\n<div id=\"postText534290\">\n<p><span style=\"color: #004d25;\">So liebe Teams und Einzelk\u00e4mpfer. Ich habe hiermit die Ehre Euch das offizielle Endergebnis des Whiskycups 2013 mitteilen zu d\u00fcrfen! Und da die Siegerehrung in M\u00fchlheim ihren Abschluss gefunden hat, machen wir das hier ohne gro\u00dfes BlaBla. Die untenstehende Liste zeigt die erreichte Gesamtpunktzahl des jeweiligen Teams.Wir von den Friends of Malt Hamburg ( das sind prima Jungs!) gratulieren den podiumsplatzierten Teams sowie dem Einzelsieger!<\/span><\/p>\n<div>\n<div><\/div>\n<div><span style=\"color: #004d25;\">Sieger Whisky Cup 2013<\/span><\/div>\n<div><strong>D&#8217;Allgaier Whisky Grint<\/strong><\/div>\n<div><\/div>\n<div><\/div>\n<div>\n<p>&nbsp;<\/p>\n<p><a href=\"http:\/\/uisce-beatha.de\/www1\/wp-content\/uploads\/2013\/11\/daheibjb.png\"><img loading=\"lazy\" decoding=\"async\" class=\"size-full wp-image-6 alignnone\" src=\"http:\/\/uisce-beatha.de\/www1\/wp-content\/uploads\/2013\/11\/daheibjb.png\" alt=\"daheibjb\" width=\"682\" height=\"507\" srcset=\"https:\/\/uisce-beatha.de\/www1\/wp-content\/uploads\/2013\/11\/daheibjb.png 682w, https:\/\/uisce-beatha.de\/www1\/wp-content\/uploads\/2013\/11\/daheibjb-300x223.png 300w\" sizes=\"auto, (max-width: 682px) 100vw, 682px\" \/><\/a><\/p>\n<p>&nbsp;<\/p>\n<p>&nbsp;<\/p>\n<p>&nbsp;<\/p>\n<p><span style=\"color: #004d25;\">2. Platz Whisky Cup 2013<\/span><br \/>\n<span style=\"color: #004d25;\"> <strong>Die Whisky-J\u00e4ger<\/strong><\/span><\/p>\n<p><span style=\"color: #004d25;\">\u00a0<\/span><\/p>\n<p><span style=\"color: #004d25;\">3. Platz Whisky Cup 2013<\/span><br \/>\n<span style=\"color: #004d25;\"> <strong>Mannheimer Malt Gilde<\/strong><\/span><\/p>\n<p><span style=\"color: #004d25;\">Einzelsieger Whisky Cup 2013<\/span><br \/>\n<span style=\"color: #004d25;\"> <strong>Mr. Mooc<\/strong><\/span><\/p>\n<p>&nbsp;<\/p>\n<\/div>\n<\/div>\n<div><a href=\"http:\/\/uisce-beatha.de\/www1\/wp-content\/uploads\/2013\/11\/cajeeceh.png\"><img loading=\"lazy\" decoding=\"async\" class=\"size-medium wp-image-185 alignnone\" src=\"http:\/\/uisce-beatha.de\/www1\/wp-content\/uploads\/2013\/11\/cajeeceh-600x335.png\" alt=\"Tom Pokal\" width=\"600\" height=\"335\" srcset=\"https:\/\/uisce-beatha.de\/www1\/wp-content\/uploads\/2013\/11\/cajeeceh-600x335.png 600w, https:\/\/uisce-beatha.de\/www1\/wp-content\/uploads\/2013\/11\/cajeeceh.png 845w\" sizes=\"auto, (max-width: 600px) 100vw, 600px\" \/><\/a><\/div>\n<p><a href=\"http:\/\/uisce-beatha.de\/www1\/wp-content\/uploads\/2013\/11\/igbiacgi.png\"><img loading=\"lazy\" decoding=\"async\" class=\"size-medium wp-image-184 alignnone\" src=\"http:\/\/uisce-beatha.de\/www1\/wp-content\/uploads\/2013\/11\/igbiacgi-600x350.png\" alt=\"igbiacgi\" width=\"600\" height=\"350\" srcset=\"https:\/\/uisce-beatha.de\/www1\/wp-content\/uploads\/2013\/11\/igbiacgi-600x350.png 600w, https:\/\/uisce-beatha.de\/www1\/wp-content\/uploads\/2013\/11\/igbiacgi.png 809w\" sizes=\"auto, (max-width: 600px) 100vw, 600px\" \/><\/a><\/p>\n<div><\/div>\n<p>&nbsp;<\/p>\n<h2><strong>Endstand Whiskycup 2013<\/strong><\/h2>\n<p>1. D&#8217;Allgaier Whisky Grint &#8211; 64<\/p>\n<p>2. Die Whisky-J\u00e4ger &#8211; 61<br \/>\n3. Mannheimer Malt Gilde &#8211; 58<br \/>\n4. Blue Wonder Maltmates &#8211; 55<br \/>\n4. De ech K\u00f6lsche Dr\u00e4mmcher &#8211; 55<br \/>\n4. Eifel Vulcano Dramers &#8211; 55<br \/>\n4. Schwarzer Block &#8211; 55<br \/>\n8. The Brave S\u00fcdpfalz &#8211; 54<br \/>\n9. Regensburger Maltspatzen &#8211; 53<br \/>\n10. UWF Unterl\u00e4nder Whiskyfreunde &#8211; 52<br \/>\n10. S\u00e4ggssche Wissgievornischdor Diem No.2 &#8211; 52<br \/>\n10. Zweebrigger Whisky Batscher &#8211; 52<br \/>\n13. Berliner Whisky Oase &#8211; 51<br \/>\n14. Mecklenburger-Malt-Hechte &#8211; 50<br \/>\n15. Fa\u00dfst\u00e4rkenj\u00fcnger Rheinland &#8211; 48<br \/>\n16. Munich Spirits &#8211; 46<br \/>\n17. Bergische Jonges &#8211; 45<br \/>\n17. S\u00e4ggssche Whiskyvornischdor &#8211; 45<br \/>\n19. Cologne Dramster &#8211; 44<br \/>\n20. Die Pangalaktischen Whiskygurgler &#8211; 43<br \/>\n20. Ruhrpot(t)-Stills &#8211; 43<br \/>\n22. Roter Stern Malthausen &#8211; 42<br \/>\n23. Dortmunder Dram Dreamers &#8211; 40<br \/>\n24. Caledonische Malzmonster &#8211; 39<br \/>\n24. WMD Whisky-Allianz Ikariam.de &#8211; 39<br \/>\n26. Die Domtrinkknaben &#8211; 32<br \/>\n27. Oberschw\u00e4bische Whiskyschl\u00fcrfer &#8211; 29<br \/>\n28. Dat Kinsky Team &#8211; 27<br \/>\n29. D\u00fcsseldorfer Dramschl\u00e4ger &#8211; 18<\/p>\n<h2><strong><br \/>\nEinzelk\u00e4mpfer:<\/strong><\/h2>\n<p>1. Mr.Mooc &#8211; 54<\/p>\n<p>2. Dankin &#8211; 44<br \/>\n3. Sheep &#8211; 36<br \/>\nFolgende Preise wurden in diesem Jahr ausgelobt:<\/p>\n<p><strong>1. Platz: <\/strong>(<a href=\"http:\/\/www.whiskybase.com\/whiskies.php?merkid=80&amp;whiskyid=22002\">Link<\/a>)<br \/>\nTomatin 1966 TWA<br \/>\n1966 &#8211; 2011<br \/>\nSherry Butt<br \/>\n46,1 %<\/p>\n<p><strong>2. Platz:<\/strong> (<a href=\"http:\/\/www.whiskybase.com\/whiskies.php?merkid=101&amp;whiskyid=43225\">Link<\/a>)<br \/>\nGlendronach 1992 OA<br \/>\n1992 &#8211; 2013<br \/>\nOloroso Sherry Butt<br \/>\nCask No. 145<br \/>\n58,1 %<\/p>\n<p><strong>3. Platz: <\/strong>(<a href=\"http:\/\/www.whiskybase.com\/whiskies.php?merkid=108&amp;whiskyid=24302\">Link)<\/a><br \/>\nGlen Garioch 1991 TWA<br \/>\n1991 &#8211; 2011<br \/>\nEx-Bourbon-Hogshead<br \/>\n54,4 %<\/p>\n<p><strong>Einzelsieger: <\/strong>(<a href=\"http:\/\/www.whiskybase.com\/whiskies.php?merkid=115&amp;whiskyid=11836\">Link<\/a>)<br \/>\nTobermory 1994 Carn Mor<br \/>\n1994 &#8211; 2009<br \/>\nSherry Butt<br \/>\nCask No. 5125<br \/>\n46%<\/p>\n<p>Die Organisation des diesj\u00e4hrigen Whisky Cups hat uns trotz der vielen Arbeit eine Menge Spass bereitet. Allen Teams und Einzelk\u00e4mpfern gilt ein gro\u00dfes Dankesch\u00f6n f\u00fcr die zahlreiche und engagierte Teilnahme. Wir freuen uns auf den Whisky Cup 2014 (bei dem wir wieder auf der Teilnehmerseite sind) und w\u00fcnschen dem Team D&#8217;Allgaier Whisky Grint viel Spa\u00df bei der Ausrichtung.<\/p>\n<p>&#8212;<\/p>\n<p>Wir sind zu dieser Messe mit f\u00fcnf Mann angereist, stellvertretend f\u00fcr unsere Mannschaft D\u00b4Allgaier Whisky Grint waren dabei Mario, Dieter, Karl, Fonsi und ich.<\/p>\n<p>WAR DAS EIN FEST &#8211; DAS IST NUR NOCH GENIAL&#8230;. Vielen Dank an die gesamte Mannschaft, auch an die der vergangenen Jahre, das ist die Kr\u00f6nung! Jeder von euch hat seinen Teil zu diesem Erfolg beigetragen.<\/p>\n<p>Slaint\u00e9 Tom<\/p>\n<p>&nbsp;<\/p>\n<p>hier noch das Video zur Aquavitae 2013<\/p>\n<\/div>\n<\/div>\n<p>Siegerehrung ab Minute 8<\/p>\n<p><iframe loading=\"lazy\" width=\"1200\" height=\"675\" src=\"https:\/\/www.youtube.com\/embed\/wTp-5XwTQgY?feature=oembed\" frameborder=\"0\" allowfullscreen><\/iframe><\/p>\n","protected":false},"excerpt":{"rendered":"<p>Wie euch allen ja bekannt ist, haben wir dieses Jahr zum dritten Mal am Whisky Cup teilgenommen. Der Whisky Cup ist die in der deutschsprachigen Whiskyszene wohl begehrteste und am h\u00e4rtesten umk\u00e4mpfte Auszeichnung. Hier die Bekanntgabe des Ausrichters im Original: <span class=\"excerpt-dots\">&hellip;<\/span> <a class=\"more-link\" href=\"https:\/\/uisce-beatha.de\/www1\/aktivitaten\/veranstaltungen\/whiskycup-2013-gewinner\/\"><span class=\"more-msg\">Continue reading &rarr;<\/span><\/a><\/p>\n","protected":false},"author":1,"featured_media":0,"parent":258,"menu_order":0,"comment_status":"closed","ping_status":"open","template":"","meta":{"footnotes":""},"class_list":["post-176","page","type-page","status-publish","hentry"],"_links":{"self":[{"href":"https:\/\/uisce-beatha.de\/www1\/wp-json\/wp\/v2\/pages\/176","targetHints":{"allow":["GET"]}}],"collection":[{"href":"https:\/\/uisce-beatha.de\/www1\/wp-json\/wp\/v2\/pages"}],"about":[{"href":"https:\/\/uisce-beatha.de\/www1\/wp-json\/wp\/v2\/types\/page"}],"author":[{"embeddable":true,"href":"https:\/\/uisce-beatha.de\/www1\/wp-json\/wp\/v2\/users\/1"}],"replies":[{"embeddable":true,"href":"https:\/\/uisce-beatha.de\/www1\/wp-json\/wp\/v2\/comments?post=176"}],"version-history":[{"count":18,"href":"https:\/\/uisce-beatha.de\/www1\/wp-json\/wp\/v2\/pages\/176\/revisions"}],"predecessor-version":[{"id":850,"href":"https:\/\/uisce-beatha.de\/www1\/wp-json\/wp\/v2\/pages\/176\/revisions\/850"}],"up":[{"embeddable":true,"href":"https:\/\/uisce-beatha.de\/www1\/wp-json\/wp\/v2\/pages\/258"}],"wp:attachment":[{"href":"https:\/\/uisce-beatha.de\/www1\/wp-json\/wp\/v2\/media?parent=176"}],"curies":[{"name":"wp","href":"https:\/\/api.w.org\/{rel}","templated":true}]}}