{"id":419,"date":"2013-11-21T21:37:38","date_gmt":"2013-11-21T20:37:38","guid":{"rendered":"http:\/\/uisce-beatha.de\/www1\/?page_id=419"},"modified":"2020-05-07T22:24:56","modified_gmt":"2020-05-07T20:24:56","slug":"club-edition-2013","status":"publish","type":"page","link":"https:\/\/uisce-beatha.de\/www1\/uisce-beatha-club\/clubedition\/club-edition-2013\/","title":{"rendered":"Club Edition 2013"},"content":{"rendered":"<div>\n<p>Ja die Geschichten bis zu unserer Abf\u00fcllung f\u00fcr dieses Jahr f\u00fcllt einige Zeilen aus. Whiskymesse in Linz, Whisky gefunden, ein Longmorn vom Feinsten, reserviert, Umfrage im Club, wir nehmen alle 60 Flaschen die zu haben sind. Bestellung!<\/p>\n<p>Aber noch lange keine Lieferung, \u00fcber Zoll und Onlineformulare in Deutschland und Schottland, nach langem hin- und her, wickelten wir den Kauf \u00fcber eine Spedition ab, Versandbest\u00e4tigung vom Verk\u00e4ufer, aber die Ware, unser Whisky kam nie in Deutschland an.<\/p>\n<p>So wie unsere Recherchen ergeben haben, ging die Palette mit unserem Whisky noch in Schottland beim Verladen &#171;verloren&#187;.<\/p>\n<p>Also auf ein Neues, Sample bestellt und bekommen, Treffen, Auswahl, Bestellung. Leider waren andere schneller, genau genommen war dieser Whisky schon verkauft bevor wir ihn hier bei uns probieren konnten.<\/p>\n<p>Dank unseres spontanen Ausflugs nach M\u00fclheim, fanden wir auf der Aquavitae dann doch noch einen Whisky, der auf Anhieb unser Gefallen gefunden hat.<\/p>\n<p>The Ben Riach\u00a0 2000PX<\/p>\n<p><img loading=\"lazy\" decoding=\"async\" class=\"alignnone wp-image-1226 size-full\" src=\"https:\/\/uisce-beatha.de\/www1\/wp-content\/uploads\/2020\/05\/2013-Ben-Riach.png\" alt=\"\" width=\"744\" height=\"946\" srcset=\"https:\/\/uisce-beatha.de\/www1\/wp-content\/uploads\/2020\/05\/2013-Ben-Riach.png 744w, https:\/\/uisce-beatha.de\/www1\/wp-content\/uploads\/2020\/05\/2013-Ben-Riach-472x600.png 472w\" sizes=\"auto, (max-width: 744px) 100vw, 744px\" \/><\/p>\n<p><a href=\"http:\/\/uisce-beatha.de\/www1\/wp-content\/uploads\/2013\/11\/benriach.jpg\"><img loading=\"lazy\" decoding=\"async\" class=\"size-full wp-image-604 alignleft\" src=\"http:\/\/uisce-beatha.de\/www1\/wp-content\/uploads\/2013\/11\/benriach.jpg\" alt=\"benriach\" width=\"292\" height=\"825\" srcset=\"https:\/\/uisce-beatha.de\/www1\/wp-content\/uploads\/2013\/11\/benriach.jpg 292w, https:\/\/uisce-beatha.de\/www1\/wp-content\/uploads\/2013\/11\/benriach-212x600.jpg 212w, https:\/\/uisce-beatha.de\/www1\/wp-content\/uploads\/2013\/11\/benriach-106x300.jpg 106w\" sizes=\"auto, (max-width: 292px) 100vw, 292px\" \/><\/a><\/p>\n<p>Farbe:<br \/>\ndunkelster Bernstein<\/p>\n<p>Nase:<br \/>\nEichenfass, ein Schuss Tannin, Sherry, schwer und w\u00fcrzig.<br \/>\nZimt, dunkle s\u00fc\u00dfe Kirschen, Pfirsich, kr\u00e4ftig s\u00fc\u00df und zugleich minzig frisch.<br \/>\nOrangeat, wie die F\u00fcllung aus Jaffa Cake, dazu ordentlich Vanille und nur etwas Rosinen.<br \/>\nVanille und Karamell, dunkle Schokolade.<br \/>\nEine tolle, weil anders wirkende Sherrybombe.<\/p>\n<\/div>\n<p>Mit Wasser:<br \/>\nwird noch s\u00fc\u00dfer, aber nicht zu s\u00fc\u00df. Jetzt kommen mehr Zitrusfr\u00fcchte raus, etwa wie frischgepresster O-Saft. Wei\u00dfe Schokolade<\/p>\n<p>Geschmack:<br \/>\nw\u00fcrzig-s\u00fc\u00dferer Antritt mit leichter Sch\u00e4rfe, wird dann aber schnell weicher, sch\u00f6ne Eiche.<br \/>\nSherry, Kaffee, eine Spur Minze, Schwarzw\u00e4lder Kirsch-Sahne, ger\u00f6stete Pinienkerne, s\u00fc\u00dfe goldene Sultaninen, Orange<\/p>\n<p>Nachklang:<br \/>\nlang, s\u00fcffig, s\u00fc\u00df und w\u00fcrzig, mit sch\u00f6nen Holznoten<br \/>\nFazit:<br \/>\nEin sehr leckerer, runder und andersartiger Sherrywhisky, nicht \u00fcberladen und trotzdem intensiv, fast ein perfekter Dram. Sch\u00f6n ausgewogen zwischen Eiche und Sherry.<\/p>\n<p>Interessant ist die ausgepr\u00e4gte Vanillenote trotz des \u201efehlenden\u201c Bourbonfasses<\/p>\n<p>(Tasting notes from anam na h-Alba)<\/p>\n<p><a href=\"http:\/\/uisce-beatha.de\/www1\/wp-content\/uploads\/2013\/11\/CE13-Dirk.jpg\"><img loading=\"lazy\" decoding=\"async\" class=\"alignnone size-large wp-image-630\" src=\"http:\/\/uisce-beatha.de\/www1\/wp-content\/uploads\/2013\/11\/CE13-Dirk-419x1024.jpg\" alt=\"CE13-Dirk\" width=\"419\" height=\"1024\" srcset=\"https:\/\/uisce-beatha.de\/www1\/wp-content\/uploads\/2013\/11\/CE13-Dirk-419x1024.jpg 419w, https:\/\/uisce-beatha.de\/www1\/wp-content\/uploads\/2013\/11\/CE13-Dirk-245x600.jpg 245w, https:\/\/uisce-beatha.de\/www1\/wp-content\/uploads\/2013\/11\/CE13-Dirk.jpg 1121w\" sizes=\"auto, (max-width: 419px) 100vw, 419px\" \/><\/a><\/p>\n","protected":false},"excerpt":{"rendered":"<p>Ja die Geschichten bis zu unserer Abf\u00fcllung f\u00fcr dieses Jahr f\u00fcllt einige Zeilen aus. Whiskymesse in Linz, Whisky gefunden, ein Longmorn vom Feinsten, reserviert, Umfrage im Club, wir nehmen alle 60 Flaschen die zu haben sind. Bestellung! Aber noch lange <span class=\"excerpt-dots\">&hellip;<\/span> <a class=\"more-link\" href=\"https:\/\/uisce-beatha.de\/www1\/uisce-beatha-club\/clubedition\/club-edition-2013\/\"><span class=\"more-msg\">Continue reading &rarr;<\/span><\/a><\/p>\n","protected":false},"author":2,"featured_media":0,"parent":272,"menu_order":0,"comment_status":"closed","ping_status":"open","template":"","meta":{"footnotes":""},"class_list":["post-419","page","type-page","status-publish","hentry"],"_links":{"self":[{"href":"https:\/\/uisce-beatha.de\/www1\/wp-json\/wp\/v2\/pages\/419","targetHints":{"allow":["GET"]}}],"collection":[{"href":"https:\/\/uisce-beatha.de\/www1\/wp-json\/wp\/v2\/pages"}],"about":[{"href":"https:\/\/uisce-beatha.de\/www1\/wp-json\/wp\/v2\/types\/page"}],"author":[{"embeddable":true,"href":"https:\/\/uisce-beatha.de\/www1\/wp-json\/wp\/v2\/users\/2"}],"replies":[{"embeddable":true,"href":"https:\/\/uisce-beatha.de\/www1\/wp-json\/wp\/v2\/comments?post=419"}],"version-history":[{"count":7,"href":"https:\/\/uisce-beatha.de\/www1\/wp-json\/wp\/v2\/pages\/419\/revisions"}],"predecessor-version":[{"id":1227,"href":"https:\/\/uisce-beatha.de\/www1\/wp-json\/wp\/v2\/pages\/419\/revisions\/1227"}],"up":[{"embeddable":true,"href":"https:\/\/uisce-beatha.de\/www1\/wp-json\/wp\/v2\/pages\/272"}],"wp:attachment":[{"href":"https:\/\/uisce-beatha.de\/www1\/wp-json\/wp\/v2\/media?parent=419"}],"curies":[{"name":"wp","href":"https:\/\/api.w.org\/{rel}","templated":true}]}}